{"id":21189,"date":"2023-09-19T14:42:14","date_gmt":"2023-09-19T14:42:14","guid":{"rendered":"https:\/\/sierra.keydesign.xyz\/web-app\/?page_id=9"},"modified":"2025-02-25T13:49:49","modified_gmt":"2025-02-25T13:49:49","slug":"home-web-app","status":"publish","type":"page","link":"https:\/\/comercial.alphafm.com.br\/","title":{"rendered":"Home"},"content":{"rendered":"\t\t<div data-elementor-type=\"wp-page\" data-elementor-id=\"21189\" class=\"elementor elementor-21189\">\n\t\t\t\t<div class=\"elementor-element elementor-element-ecf43d0 hero-section e-flex e-con-boxed e-con e-parent\" data-id=\"ecf43d0\" data-element_type=\"container\" data-settings=\"{&quot;background_background&quot;:&quot;classic&quot;,&quot;shape_divider_bottom_negative&quot;:&quot;yes&quot;,&quot;shape_divider_bottom&quot;:&quot;curve&quot;}\" data-core-v316-plus=\"true\">\n\t\t\t\t\t<div class=\"e-con-inner\">\n\t\t\t\t<div class=\"elementor-shape elementor-shape-bottom\" data-negative=\"true\">\n\t\t\t<svg xmlns=\"http:\/\/www.w3.org\/2000\/svg\" viewBox=\"0 0 1000 100\" preserveAspectRatio=\"none\">\n\t<path class=\"elementor-shape-fill\" d=\"M500,97C126.7,96.3,0.8,19.8,0,0v100l1000,0V1C1000,19.4,873.3,97.8,500,97z\"\/>\n<\/svg>\t\t<\/div>\n\t\t<div class=\"elementor-element elementor-element-ee45c8d e-con-full e-flex e-con e-child\" data-id=\"ee45c8d\" data-element_type=\"container\">\n\t\t<div class=\"elementor-element elementor-element-ccc801c e-con-full e-flex e-con e-child\" data-id=\"ccc801c\" data-element_type=\"container\">\n\t\t\t\t<div class=\"elementor-element elementor-element-18363a3 animated-fast elementor-invisible elementor-widget elementor-widget-elementskit-heading\" data-id=\"18363a3\" data-element_type=\"widget\" data-settings=\"{&quot;ekit_we_effect_on&quot;:&quot;css&quot;,&quot;_animation&quot;:&quot;fadeIn&quot;,&quot;_animation_delay&quot;:100}\" data-widget_type=\"elementskit-heading.default\">\n\t\t\t\t<div class=\"elementor-widget-container\">\n\t\t\t<div class=\"ekit-wid-con\" ><div class=\"ekit-heading elementskit-section-title-wraper text_center   ekit_heading_tablet-   ekit_heading_mobile-\"><h6 class=\"elementskit-section-subtitle   ekit-heading__subtitle-has-border\">\n\t\t\t\t\t\tCOMERCIAL\n\t\t\t\t\t<\/h6><h1 class=\"ekit-heading--title elementskit-section-title \">Receba <span><span><\/span><\/span><\/h1><\/div><\/div>\t\t<\/div>\n\t\t\t\t<\/div>\n\t\t\t\t<div class=\"elementor-element elementor-element-062e300 animated-fast elementor-invisible elementor-widget elementor-widget-elementskit-fancy-animated-text\" data-id=\"062e300\" data-element_type=\"widget\" data-settings=\"{&quot;_animation&quot;:&quot;fadeIn&quot;,&quot;_animation_delay&quot;:100,&quot;ekit_we_effect_on&quot;:&quot;none&quot;}\" data-widget_type=\"elementskit-fancy-animated-text.default\">\n\t\t\t\t<div class=\"elementor-widget-container\">\n\t\t\t<div class=\"ekit-wid-con\" >            <h1 class=\"ekit-fancy-text zoom-out\" data-id=\"062e300\" data-animation-settings=\"{&quot;animationStyle&quot;:&quot;animated&quot;,&quot;animationDelay&quot;:2000,&quot;loadingBar&quot;:3800,&quot;lettersDelay&quot;:50,&quot;typeLettersDelay&quot;:150,&quot;duration&quot;:500,&quot;revealDuration&quot;:600,&quot;revealAnimationDelay&quot;:1500}\">\n                                <span class=\"ekit-fancy-text-lists\">\n                                        <b class=\"ekit-fancy-text elementor-repeater-item-b9b00af is-visible\">nosso m\u00eddia kit<\/b>\n                                        <b class=\"ekit-fancy-text elementor-repeater-item-7c0a76c \">tabela de valores<\/b>\n                                    <\/span>\n                        <\/h1>\n        <\/div>\t\t<\/div>\n\t\t\t\t<\/div>\n\t\t\t\t<div class=\"elementor-element elementor-element-f97b5e0 elementor-widget__width-initial animated-fast elementor-invisible elementor-widget elementor-widget-heading\" data-id=\"f97b5e0\" data-element_type=\"widget\" id=\"form\" data-settings=\"{&quot;_animation&quot;:&quot;fadeIn&quot;,&quot;_animation_delay&quot;:100,&quot;ekit_we_effect_on&quot;:&quot;none&quot;}\" data-widget_type=\"heading.default\">\n\t\t\t\t<div class=\"elementor-widget-container\">\n\t\t\t<style>\/*! elementor - v3.20.0 - 26-03-2024 *\/\n.elementor-heading-title{padding:0;margin:0;line-height:1}.elementor-widget-heading .elementor-heading-title[class*=elementor-size-]>a{color:inherit;font-size:inherit;line-height:inherit}.elementor-widget-heading .elementor-heading-title.elementor-size-small{font-size:15px}.elementor-widget-heading .elementor-heading-title.elementor-size-medium{font-size:19px}.elementor-widget-heading .elementor-heading-title.elementor-size-large{font-size:29px}.elementor-widget-heading .elementor-heading-title.elementor-size-xl{font-size:39px}.elementor-widget-heading .elementor-heading-title.elementor-size-xxl{font-size:59px}<\/style><p class=\"elementor-heading-title elementor-size-default\">Para receber o conte\u00fado desejado, basta preencher nosso formul\u00e1rio com seu nome e endere\u00e7o de e-mail.   <\/p>\t\t<\/div>\n\t\t\t\t<\/div>\n\t\t\t\t<\/div>\n\t\t\t\t<div class=\"elementor-element elementor-element-6915513 animated-fast elementor-widget__width-initial elementor-invisible elementor-widget elementor-widget-elementskit-contact-form7\" data-id=\"6915513\" data-element_type=\"widget\" data-settings=\"{&quot;_animation&quot;:&quot;fadeIn&quot;,&quot;_animation_delay&quot;:200,&quot;ekit_we_effect_on&quot;:&quot;none&quot;}\" data-widget_type=\"elementskit-contact-form7.default\">\n\t\t\t\t<div class=\"elementor-widget-container\">\n\t\t\t<div class=\"ekit-wid-con\" ><div class=\"ekit-form\">\n<div class=\"wpcf7 no-js\" id=\"wpcf7-f21026-o1\" lang=\"en-US\" dir=\"ltr\">\n<div class=\"screen-reader-response\"><p role=\"status\" aria-live=\"polite\" aria-atomic=\"true\"><\/p> <ul><\/ul><\/div>\n<form action=\"\/index.php?rest_route=%2Fwp%2Fv2%2Fpages%2F21189#wpcf7-f21026-o1\" method=\"post\" class=\"wpcf7-form init\" aria-label=\"Contact form\" novalidate=\"novalidate\" data-status=\"init\">\n<div style=\"display: none;\">\n<input type=\"hidden\" name=\"_wpcf7\" value=\"21026\" \/>\n<input type=\"hidden\" name=\"_wpcf7_version\" value=\"5.9.6\" \/>\n<input type=\"hidden\" name=\"_wpcf7_locale\" value=\"en_US\" \/>\n<input type=\"hidden\" name=\"_wpcf7_unit_tag\" value=\"wpcf7-f21026-o1\" \/>\n<input type=\"hidden\" name=\"_wpcf7_container_post\" value=\"0\" \/>\n<input type=\"hidden\" name=\"_wpcf7_posted_data_hash\" value=\"\" \/>\n<\/div>\n<p><span class=\"keydesign-label\"><label>Seu nome<\/label><span class=\"wpcf7-form-control-wrap\" data-name=\"Nome\"><input size=\"40\" maxlength=\"80\" class=\"wpcf7-form-control wpcf7-text\" aria-invalid=\"false\" value=\"\" type=\"text\" name=\"Nome\" \/><\/span><\/span><br \/>\n<span class=\"keydesign-label\"><label>Telefone<\/label><span class=\"wpcf7-form-control-wrap\" data-name=\"telefone\"><input size=\"40\" maxlength=\"80\" class=\"wpcf7-form-control wpcf7-tel wpcf7-text wpcf7-validates-as-tel\" aria-invalid=\"false\" value=\"\" type=\"tel\" name=\"telefone\" \/><\/span><\/span>\n<\/p>\n<div class=\"inline-form\">\n\t<p><span class=\"keydesign-label\"><label>Email<\/label><span class=\"wpcf7-form-control-wrap\" data-name=\"email\"><input size=\"40\" maxlength=\"80\" class=\"wpcf7-form-control wpcf7-email wpcf7-validates-as-required wpcf7-text wpcf7-validates-as-email\" aria-required=\"true\" aria-invalid=\"false\" value=\"\" type=\"email\" name=\"email\" \/><\/span><\/span><br \/>\n<input class=\"wpcf7-form-control wpcf7-submit has-spinner\" type=\"submit\" value=\"RECEBER\" \/>\n\t<\/p>\n<\/div><div class=\"wpcf7-response-output\" aria-hidden=\"true\"><\/div>\n<\/form>\n<\/div>\n<\/div><\/div>\t\t<\/div>\n\t\t\t\t<\/div>\n\t\t<div class=\"elementor-element elementor-element-93b10fc e-con-full e-flex e-con e-child\" data-id=\"93b10fc\" data-element_type=\"container\">\n\t\t<div class=\"elementor-element elementor-element-33aee59 e-con-full e-flex e-con e-child\" data-id=\"33aee59\" data-element_type=\"container\">\n\t\t\t\t<div class=\"elementor-element elementor-element-7ecc69b animated-fast elementor-invisible elementor-widget elementor-widget-image\" data-id=\"7ecc69b\" data-element_type=\"widget\" id=\"imggif\" data-settings=\"{&quot;_animation&quot;:&quot;fadeInUp&quot;,&quot;_animation_delay&quot;:300,&quot;ekit_we_effect_on&quot;:&quot;none&quot;}\" data-widget_type=\"image.default\">\n\t\t\t\t<div class=\"elementor-widget-container\">\n\t\t\t<style>\/*! elementor - v3.20.0 - 26-03-2024 *\/\n.elementor-widget-image{text-align:center}.elementor-widget-image a{display:inline-block}.elementor-widget-image a img[src$=\".svg\"]{width:48px}.elementor-widget-image img{vertical-align:middle;display:inline-block}<\/style>\t\t\t\t\t\t\t\t\t\t<img fetchpriority=\"high\" decoding=\"async\" width=\"2560\" height=\"1440\" src=\"https:\/\/comercial.alphafm.com.br\/wp-content\/uploads\/2024\/07\/Alpha-FM-1o-1.png\" class=\"attachment-full size-full wp-image-21774\" alt=\"\" srcset=\"https:\/\/comercial.alphafm.com.br\/wp-content\/uploads\/2024\/07\/Alpha-FM-1o-1.png 2560w, https:\/\/comercial.alphafm.com.br\/wp-content\/uploads\/2024\/07\/Alpha-FM-1o-1-300x169.png 300w, https:\/\/comercial.alphafm.com.br\/wp-content\/uploads\/2024\/07\/Alpha-FM-1o-1-1024x576.png 1024w, https:\/\/comercial.alphafm.com.br\/wp-content\/uploads\/2024\/07\/Alpha-FM-1o-1-768x432.png 768w, https:\/\/comercial.alphafm.com.br\/wp-content\/uploads\/2024\/07\/Alpha-FM-1o-1-1536x864.png 1536w, https:\/\/comercial.alphafm.com.br\/wp-content\/uploads\/2024\/07\/Alpha-FM-1o-1-2048x1152.png 2048w, https:\/\/comercial.alphafm.com.br\/wp-content\/uploads\/2024\/07\/Alpha-FM-1o-1-710x399.png 710w\" sizes=\"(max-width: 2560px) 100vw, 2560px\" \/>\t\t\t\t\t\t\t\t\t\t\t\t\t<\/div>\n\t\t\t\t<\/div>\n\t\t\t\t<div class=\"elementor-element elementor-element-47cc521 elementor-widget__width-auto elementor-absolute animated-fast elementor-invisible elementor-widget elementor-widget-elementskit-video\" data-id=\"47cc521\" data-element_type=\"widget\" data-settings=\"{&quot;_position&quot;:&quot;absolute&quot;,&quot;_animation&quot;:&quot;zoomIn&quot;,&quot;_animation_delay&quot;:200,&quot;ekit_we_effect_on&quot;:&quot;none&quot;}\" data-widget_type=\"elementskit-video.default\">\n\t\t\t\t<div class=\"elementor-widget-container\">\n\t\t\t<div class=\"ekit-wid-con\" >\t\t<div class=\"video-content\" data-video-player=\"[]\" data-video-setting=\"{&quot;videoVolume&quot;:&quot;horizontal&quot;,&quot;startVolume&quot;:0.8000000000000000444089209850062616169452667236328125,&quot;videoType&quot;:&quot;iframe&quot;,&quot;videoClass&quot;:&quot;mfp-fade&quot;}\">\n\t\t\t\n<a class=\"ekit_icon_button glow-btn ekit-video-popup ekit-video-popup-btn\" href=\"https:\/\/www.youtube.com\/embed\/nRo45wDU8GU?feature=oembed?playlist=nRo45wDU8GU&amp;mute=1&amp;autoplay=1&amp;loop=no&amp;controls=1&amp;start=0&amp;end=\" aria-label=\"video-popup\">\n\t\t\t\t<i aria-hidden=\"true\" class=\"fas fa-play\"><\/i>\t\t<\/a>\n\t\t\t\t\t<\/div>\n\t\t<\/div>\t\t<\/div>\n\t\t\t\t<\/div>\n\t\t\t\t<\/div>\n\t\t\t\t<\/div>\n\t\t\t\t<\/div>\n\t\t\t\t\t<\/div>\n\t\t\t\t<\/div>\n\t\t<div class=\"elementor-element elementor-element-bb709cb e-flex e-con-boxed e-con e-parent\" data-id=\"bb709cb\" data-element_type=\"container\" data-core-v316-plus=\"true\">\n\t\t\t\t\t<div class=\"e-con-inner\">\n\t\t<div class=\"elementor-element elementor-element-3e24e0ab e-con-full e-flex e-con e-child\" data-id=\"3e24e0ab\" data-element_type=\"container\">\n\t\t<div class=\"elementor-element elementor-element-6dab7a5b e-con-full e-flex e-con e-child\" data-id=\"6dab7a5b\" data-element_type=\"container\">\n\t\t\t\t<div class=\"elementor-element elementor-element-39e24f30 animated-fast elementor-invisible elementor-widget elementor-widget-elementskit-heading\" data-id=\"39e24f30\" data-element_type=\"widget\" data-settings=\"{&quot;_animation&quot;:&quot;fadeIn&quot;,&quot;_animation_delay&quot;:100,&quot;ekit_we_effect_on&quot;:&quot;none&quot;}\" data-widget_type=\"elementskit-heading.default\">\n\t\t\t\t<div class=\"elementor-widget-container\">\n\t\t\t<div class=\"ekit-wid-con\" ><div class=\"ekit-heading elementskit-section-title-wraper text_center   ekit_heading_tablet-   ekit_heading_mobile-\"><h6 class=\"elementskit-section-subtitle   ekit-heading__subtitle-has-border\">\n\t\t\t\t\t\t#Impacto\n\t\t\t\t\t<\/h6><h2 class=\"ekit-heading--title elementskit-section-title \">Consumo linear <span><span>multiplataforma<\/span><\/span> on demand<\/h2>\t\t\t\t<div class='ekit-heading__description'>\n\t\t\t\t\t<p>ampliando alcance e audi\u00eancia em tempo real<\/p>\n\t\t\t\t<\/div>\n\t\t\t<\/div><\/div>\t\t<\/div>\n\t\t\t\t<\/div>\n\t\t\t\t<\/div>\n\t\t\t\t<\/div>\n\t\t<div class=\"elementor-element elementor-element-47a097ed e-con-full e-flex e-con e-child\" data-id=\"47a097ed\" data-element_type=\"container\">\n\t\t<div class=\"elementor-element elementor-element-625a0a0b e-con-full e-flex e-con e-child\" data-id=\"625a0a0b\" data-element_type=\"container\">\n\t\t<div class=\"elementor-element elementor-element-53f26513 e-con-full e-flex e-con e-child\" data-id=\"53f26513\" data-element_type=\"container\">\n\t\t\t\t<div class=\"elementor-element elementor-element-7ed1f6a3 animated-fast ekit-equal-height-disable elementor-invisible elementor-widget elementor-widget-elementskit-icon-box\" data-id=\"7ed1f6a3\" data-element_type=\"widget\" data-settings=\"{&quot;_animation&quot;:&quot;fadeInUp&quot;,&quot;_animation_delay&quot;:100,&quot;ekit_we_effect_on&quot;:&quot;none&quot;}\" data-widget_type=\"elementskit-icon-box.default\">\n\t\t\t\t<div class=\"elementor-widget-container\">\n\t\t\t<div class=\"ekit-wid-con\" >        <!-- link opening -->\n                <a href=\"#\" class=\"ekit_global_links\">\n                <!-- end link opening -->\n\n        <div class=\"elementskit-infobox text-left text-left icon-lef-right-aligin elementor-animation- media  \">\n                    <div class=\"elementskit-box-header elementor-animation-\">\n                <div class=\"elementskit-info-box-icon  text-center\">\n                    <i aria-hidden=\"true\" class=\"elementkit-infobox-icon icon icon-graphic-2\"><\/i>\n                <\/div>\n          <\/div>\n                        <div class=\"box-body\">\n                            <h5 class=\"elementskit-info-box-title\">\n                    8 entre 10 pessoas consomem r\u00e1dio em diversos dispositivos.                <\/h5>\n                                            <\/div>\n        \n        \n                <\/div>\n                <\/a>\n        <\/div>\t\t<\/div>\n\t\t\t\t<\/div>\n\t\t\t\t<\/div>\n\t\t<div class=\"elementor-element elementor-element-13f77fae e-con-full e-flex e-con e-child\" data-id=\"13f77fae\" data-element_type=\"container\">\n\t\t\t\t<div class=\"elementor-element elementor-element-26e326a animated-fast ekit-equal-height-disable elementor-invisible elementor-widget elementor-widget-elementskit-icon-box\" data-id=\"26e326a\" data-element_type=\"widget\" data-settings=\"{&quot;_animation&quot;:&quot;fadeInUp&quot;,&quot;_animation_delay&quot;:300,&quot;ekit_we_effect_on&quot;:&quot;none&quot;}\" data-widget_type=\"elementskit-icon-box.default\">\n\t\t\t\t<div class=\"elementor-widget-container\">\n\t\t\t<div class=\"ekit-wid-con\" >        <!-- link opening -->\n                <a href=\"#\" class=\"ekit_global_links\">\n                <!-- end link opening -->\n\n        <div class=\"elementskit-infobox text-left text-left icon-lef-right-aligin elementor-animation- media  \">\n                    <div class=\"elementskit-box-header elementor-animation-\">\n                <div class=\"elementskit-info-box-icon  text-center\">\n                    <i aria-hidden=\"true\" class=\"elementkit-infobox-icon icon icon-internet\"><\/i>\n                <\/div>\n          <\/div>\n                        <div class=\"box-body\">\n                            <h5 class=\"elementskit-info-box-title\">\n                    Cada ouvinte passa 3h55m escutando r\u00e1dio por dia.                <\/h5>\n                                            <\/div>\n        \n        \n                <\/div>\n                <\/a>\n        <\/div>\t\t<\/div>\n\t\t\t\t<\/div>\n\t\t\t\t<\/div>\n\t\t<div class=\"elementor-element elementor-element-670e058 e-con-full e-flex e-con e-child\" data-id=\"670e058\" data-element_type=\"container\">\n\t\t\t\t<div class=\"elementor-element elementor-element-42685036 animated-fast ekit-equal-height-disable elementor-invisible elementor-widget elementor-widget-elementskit-icon-box\" data-id=\"42685036\" data-element_type=\"widget\" data-settings=\"{&quot;_animation&quot;:&quot;fadeInUp&quot;,&quot;_animation_delay&quot;:200,&quot;ekit_we_effect_on&quot;:&quot;none&quot;}\" data-widget_type=\"elementskit-icon-box.default\">\n\t\t\t\t<div class=\"elementor-widget-container\">\n\t\t\t<div class=\"ekit-wid-con\" >        <!-- link opening -->\n                <a href=\"#\" class=\"ekit_global_links\">\n                <!-- end link opening -->\n\n        <div class=\"elementskit-infobox text-left text-left icon-lef-right-aligin elementor-animation- media  \">\n                    <div class=\"elementskit-box-header elementor-animation-\">\n                <div class=\"elementskit-info-box-icon  text-center\">\n                    <i aria-hidden=\"true\" class=\"elementkit-infobox-icon far fa-map\"><\/i>\n                <\/div>\n          <\/div>\n                        <div class=\"box-body\">\n                            <h5 class=\"elementskit-info-box-title\">\n                    80% da popula\u00e7\u00e3o nas 13 regi\u00f5es metropolitanas pesquisadas.                <\/h5>\n                                            <\/div>\n        \n        \n                <\/div>\n                <\/a>\n        <\/div>\t\t<\/div>\n\t\t\t\t<\/div>\n\t\t\t\t<\/div>\n\t\t\t\t<\/div>\n\t\t\t\t<\/div>\n\t\t<div class=\"elementor-element elementor-element-8b964bf e-con-full e-flex e-con e-child\" data-id=\"8b964bf\" data-element_type=\"container\">\n\t\t\t\t<div class=\"elementor-element elementor-element-faaa269 animated-fast elementor-widget__width-initial elementor-invisible elementor-widget elementor-widget-elementskit-heading\" data-id=\"faaa269\" data-element_type=\"widget\" data-settings=\"{&quot;_animation&quot;:&quot;fadeIn&quot;,&quot;_animation_delay&quot;:100,&quot;ekit_we_effect_on&quot;:&quot;none&quot;}\" data-widget_type=\"elementskit-heading.default\">\n\t\t\t\t<div class=\"elementor-widget-container\">\n\t\t\t<div class=\"ekit-wid-con\" ><div class=\"ekit-heading elementskit-section-title-wraper text_center   ekit_heading_tablet-   ekit_heading_mobile-\">\t\t\t\t<div class='ekit-heading__description'>\n\t\t\t\t\t<p>Fonte: INSIDE RADIO 2023| IBOPE Media EasyMedia 4 | 13 Pra\u00e7as | ABR\/2023 A JUN\/2023 | AMBOS |TOTAL EMISSORAS | 5-5 | TODOS OS LOCAIS | TOUVIN30% | TMED#<\/p>\n\t\t\t\t<\/div>\n\t\t\t<\/div><\/div>\t\t<\/div>\n\t\t\t\t<\/div>\n\t\t\t\t<\/div>\n\t\t\t\t\t<\/div>\n\t\t\t\t<\/div>\n\t\t<div class=\"elementor-element elementor-element-39db76f1 e-flex e-con-boxed e-con e-parent\" data-id=\"39db76f1\" data-element_type=\"container\" data-settings=\"{&quot;background_background&quot;:&quot;gradient&quot;}\" data-core-v316-plus=\"true\">\n\t\t\t\t\t<div class=\"e-con-inner\">\n\t\t<div class=\"elementor-element elementor-element-cdeec16 e-flex e-con-boxed e-con e-child\" data-id=\"cdeec16\" data-element_type=\"container\">\n\t\t\t\t\t<div class=\"e-con-inner\">\n\t\t<div class=\"elementor-element elementor-element-e2a4237 e-con-full e-flex e-con e-child\" data-id=\"e2a4237\" data-element_type=\"container\" data-settings=\"{&quot;background_background&quot;:&quot;classic&quot;}\">\n\t\t<div class=\"elementor-element elementor-element-c114e9d e-con-full animated-fast e-flex elementor-invisible e-con e-child\" data-id=\"c114e9d\" data-element_type=\"container\" data-settings=\"{&quot;background_background&quot;:&quot;classic&quot;,&quot;animation&quot;:&quot;fadeIn&quot;,&quot;animation_delay&quot;:100}\">\n\t\t<div class=\"elementor-element elementor-element-8a9f535 e-con-full e-flex e-con e-child\" data-id=\"8a9f535\" data-element_type=\"container\" data-settings=\"{&quot;background_background&quot;:&quot;classic&quot;}\">\n\t\t\t\t<div class=\"elementor-element elementor-element-ddcbbb2 elementor-widget elementor-widget-image\" data-id=\"ddcbbb2\" data-element_type=\"widget\" data-settings=\"{&quot;ekit_we_effect_on&quot;:&quot;none&quot;}\" data-widget_type=\"image.default\">\n\t\t\t\t<div class=\"elementor-widget-container\">\n\t\t\t\t\t\t\t\t\t\t\t\t\t\t<a href=\"#form\">\n\t\t\t\t\t\t\t<img decoding=\"async\" width=\"630\" height=\"354\" src=\"https:\/\/comercial.alphafm.com.br\/wp-content\/uploads\/2024\/07\/GIF.gif\" class=\"attachment-large size-large wp-image-21806\" alt=\"\" \/>\t\t\t\t\t\t\t\t<\/a>\n\t\t\t\t\t\t\t\t\t\t\t\t\t<\/div>\n\t\t\t\t<\/div>\n\t\t\t\t<\/div>\n\t\t\t\t<\/div>\n\t\t\t\t<\/div>\n\t\t\t\t\t<\/div>\n\t\t\t\t<\/div>\n\t\t\t\t\t<\/div>\n\t\t\t\t<\/div>\n\t\t\t\t<\/div>\n\t\t","protected":false},"excerpt":{"rendered":"<p>COMERCIAL Receba nosso m\u00eddia kit tabela de valores Para receber o conte\u00fado desejado, basta preencher nosso formul\u00e1rio com seu nome e endere\u00e7o de e-mail. Seu nome Telefone Email #Impacto Consumo linear multiplataforma on demand ampliando alcance e audi\u00eancia em tempo real 8 entre 10 pessoas consomem r\u00e1dio em diversos dispositivos. Cada ouvinte passa 3h55m escutando [&hellip;]<\/p>\n","protected":false},"author":1,"featured_media":0,"parent":0,"menu_order":0,"comment_status":"closed","ping_status":"closed","template":"","meta":{"footnotes":""},"class_list":["post-21189","page","type-page","status-publish","hentry"],"_links":{"self":[{"href":"https:\/\/comercial.alphafm.com.br\/index.php?rest_route=\/wp\/v2\/pages\/21189","targetHints":{"allow":["GET"]}}],"collection":[{"href":"https:\/\/comercial.alphafm.com.br\/index.php?rest_route=\/wp\/v2\/pages"}],"about":[{"href":"https:\/\/comercial.alphafm.com.br\/index.php?rest_route=\/wp\/v2\/types\/page"}],"author":[{"embeddable":true,"href":"https:\/\/comercial.alphafm.com.br\/index.php?rest_route=\/wp\/v2\/users\/1"}],"replies":[{"embeddable":true,"href":"https:\/\/comercial.alphafm.com.br\/index.php?rest_route=%2Fwp%2Fv2%2Fcomments&post=21189"}],"version-history":[{"count":77,"href":"https:\/\/comercial.alphafm.com.br\/index.php?rest_route=\/wp\/v2\/pages\/21189\/revisions"}],"predecessor-version":[{"id":22143,"href":"https:\/\/comercial.alphafm.com.br\/index.php?rest_route=\/wp\/v2\/pages\/21189\/revisions\/22143"}],"wp:attachment":[{"href":"https:\/\/comercial.alphafm.com.br\/index.php?rest_route=%2Fwp%2Fv2%2Fmedia&parent=21189"}],"curies":[{"name":"wp","href":"https:\/\/api.w.org\/{rel}","templated":true}]}}